False
Is 53460129 a multiple of 253?
False
Is 70297360 a multiple of 245?
True
Is 8745340 a multiple of 5?
True
Is 9 a factor of 79407193?
False
Is 151 a factor of 574321705?
True
Does 542 divide 108626422?
False
Is 9 a factor of 95809977?
True
Is 25 a factor of 3902571?
False
Does 3096 divide 153207645?
False
Does 80 divide 285703200?
True
Is 29 a factor of 27173474?
False
Is 158 a factor of 79196257?
False
Is 4 a factor of 1003490848?
True
Is 62598412 a multiple of 4?
True
Is 160653730 a multiple of 10?
True
Does 360 divide 265933046?
False
Is 230942895 a multiple of 129?
True
Does 192 divide 3076427?
False
Is 554636796 a multiple of 21?
True
Is 57459684 a multiple of 18?
False
Is 235956651 a multiple of 958?
False
Is 1073449792 a multiple of 5?
False
Does 16 divide 22301003?
False
Is 427268226 a multiple of 31?
True
Does 2616 divide 191582533?
False
Is 2654 a factor of 827400424?
True
Is 6 a factor of 16275899?
False
Is 500457371 a multiple of 1646?
False
Is 245 a factor of 413668920?
False
Is 105 a factor of 5547255?
True
Is 421 a factor of 258663977?
False
Does 2492 divide 10526208?
True
Is 195843032 a multiple of 319?
True
Is 132 a factor of 2764880253?
False
Is 100623756 a multiple of 534?
True
Is 16 a factor of 714987476?
False
Is 160 a factor of 49961544?
False
Is 3 a factor of 10366625?
False
Is 15784358 a multiple of 9?
False
Is 3831478 a multiple of 3?
False
Is 40332498 a multiple of 51?
False
Is 643 a factor of 2216498803?
True
Is 3688368 a multiple of 550?
False
Is 11536166 a multiple of 17?
True
Does 16 divide 189373840?
True
Is 602 a factor of 688869202?
True
Is 100749460 a multiple of 35?
True
Does 42 divide 226097073?
False
Does 109 divide 206069732?
True
Is 62 a factor of 199303847?
False
Does 31 divide 18165974?
False
Is 343 a factor of 81447408?
True
Is 167 a factor of 413452254?
True
Does 10 divide 34483250?
True
Is 2291413450 a multiple of 66?
False
Is 18 a factor of 174455370?
True
Does 645 divide 918003345?
True
Is 202398013 a multiple of 77?
False
Is 275208722 a multiple of 6?
False
Is 1572 a factor of 39902710?
False
Is 9 a factor of 2426404905?
True
Does 22 divide 200225366?
True
Is 27 a factor of 1782798373?
False
Is 2888 a factor of 70299696?
True
Does 9 divide 228627?
True
Does 15 divide 150911238?
False
Is 572 a factor of 37652945?
False
Does 18 divide 5026421826?
True
Is 827 a factor of 1195443248?
False
Does 991 divide 139675504?
True
Is 954 a factor of 42827925?
False
Is 123370192 a multiple of 419?
False
Is 4348412 even?
True
Does 808 divide 25696824?
True
Does 1531 divide 65872806?
True
Is 214359148 a multiple of 19?
False
Is 8585202 a multiple of 1200?
False
Does 166 divide 23873124?
True
Is 7876292 a multiple of 25?
False
Does 325 divide 76948625?
True
Is 4734067 a multiple of 13?
True
Is 1183905502 a multiple of 338?
True
Is 6404 a factor of 2231640304?
True
Is 79028861 a multiple of 28?
False
Does 21 divide 1019429586?
True
Does 9 divide 15552090?
True
Is 211 a factor of 5982171?
False
Does 6 divide 476777928?
True
Is 33 a factor of 4685972280?
True
Is 111954779 a multiple of 313?
True
Is 209 a factor of 480087803?
False
Is 133129989 a multiple of 4341?
False
Is 23 a factor of 371085228?
False
Is 44 a factor of 1822230111?
False
Does 5239 divide 604110287?
False
Is 2637778 a multiple of 598?
True
Does 12836 divide 2850325954?
False
Does 628 divide 83969252?
True
Is 294476259 a multiple of 77?
True
Is 1484 a factor of 72937116?
True
Does 8 divide 157109334?
False
Is 834821778 a multiple of 1238?
True
Does 27 divide 101323295?
False
Does 1623 divide 885091055?
False
Does 334 divide 1018917100?
True
Does 117 divide 38423719?
False
Is 46199853 a multiple of 3?
True
Is 3139 a factor of 229335340?
True
Is 1708 a factor of 72013338?
False
Is 978 a factor of 118303770?
True
Is 1040 a factor of 84653441?
False
Does 417 divide 4084502907?
True
Is 185 a factor of 368853260?
False
Is 6 a factor of 2433834?
True
Is 192584766 a multiple of 6931?
True
Is 67 a factor of 6715209?
True
Is 193185810 a multiple of 51?
False
Is 41621502 a multiple of 642?
True
Does 1814 divide 142315450?
False
Is 7818030 a multiple of 2682?
True
Is 29 a factor of 711009674?
False
Is 672912984 a multiple of 6?
True
Does 329 divide 957359732?
True
Does 3993 divide 391412027?
False
Is 26 a factor of 14274702?
True
Is 579 a factor of 38657514?
True
Is 382 a factor of 172934815?
False
Does 52 divide 26563940?
True
Is 10 a factor of 1949442640?
True
Is 67 a factor of 104813862?
True
Is 826356765 a multiple of 115?
True
Is 5829880369 a multiple of 4273?
True
Is 22124251 a multiple of 55?
False
Does 87 divide 6211800?
True
Is 40 a factor of 11791840?
True
Is 853928110 a multiple of 5465?
True
Does 17 divide 27816056?
False
Is 71 a factor of 117017798?
True
Does 5 divide 86478156?
False
Is 327962629 a multiple of 2174?
False
Is 1504 a factor of 481098400?
False
Does 1186 divide 11540966?
True
Is 2822104174 a multiple of 6510?
False
Is 9 a factor of 1346931?
True
Is 2124 a factor of 237029904?
True
Is 54 a factor of 193692600?
True
Is 1284538200 a multiple of 66?
True
Does 54 divide 156222?
True
Is 43157156 a multiple of 616?
False
Does 2272 divide 438261984?
True
Is 1339 a factor of 41582645?
True
Does 15 divide 1056660?
True
Does 1003 divide 1523060019?
False
Is 82931 a multiple of 268?
False
Does 6 divide 351320604?
True
Is 338 a factor of 31658432?
True
Does 12 divide 741960?
True
Is 949427768 a multiple of 1189?
False
Is 2017977008 a multiple of 11?
False
Does 49 divide 2932797?
True
Is 889 a factor of 194296539?
False
Is 24424087 a multiple of 123?
False
Does 17 divide 210808415?
True
Is 49 a factor of 2621761?
False
Is 46 a factor of 1187646170?
True
Is 220 a factor of 179959780?
True
Is 176273775 a multiple of 315?
False
Does 6 divide 29602446?
True
Does 654 divide 288718531?
False
Is 1932522 a multiple of 274?
True
Is 2050951393 a multiple of 82?
False
Does 961 divide 78646500?
False
Is 11 a factor of 277370225?
True
Is 17586480 a multiple of 30?
True
Does 2583 divide 375754176?
True
Does 961 divide 13497696?
False
Is 911 a factor of 37996081?
False
Is 20328327 a multiple of 27?
True
Is 35559431 a multiple of 82?
False
Is 552 a factor of 25810968?
True
Is 3401948795 a multiple of 171?
False
Does 87 divide 730926933?
True
Is 184 a factor of 2260589528?
False
Is 20 a factor of 3697860?
True
Is 11592567 a multiple of 813?
True
Does 20 divide 55041300?
True
Is 7126142 a multiple of 46?
False
Is 258 a factor of 541194759?
False
Is 615 a factor of 845778364?
False
Is 50668169 a multiple of 7?
False
Is 176176259 a multiple of 4?
False
Is 33846048 a multiple of 223?
True
Is 21 a factor of 41942859?
True
Does 979 divide 1762681?
False
Is 61 a factor of 1365297?
False
Is 4 a factor of 13132596?
True
Is 25116008 a multiple of 1283?
True
Does 2650 divide 229874047?
False
Does 106 divide 143876026?
True
Is 656782 a multiple of 47?
False
Does 1390 divide 1530925150?
True
Does 966 divide 1222963884?
False
Is 147385726 a multiple of 7?
False
Is 200347944 a multiple of 4?
True
Is 84805535 a multiple of 18?
False
Is 430371711 a multiple of 561?
True
Is 312 a factor of 297202850?
False
Does 11 divide 512334933?
True
Does 63 divide 918241191?
True
Is 1407 a factor of 16189391?
False
Is 21024045 a multiple of 28?
False
Is 14 a factor of 6246415027?
False
Is 718 a factor of 117583988?
True
Does 49 divide 448168308?
True
Does 11 divide 63647085?
False
Is 139 a factor of 90770163?
False
Is 131059952 a multiple of 1349?
False
Does 506 divide 1252856?
True
Is 32813294 a multiple of 6?
False
Is 9 a factor of 22815954?
True
Does 79 divide 175176576?
False
Is 523 a factor of 53971362?
False
Is 609347508 a multiple of 14?
True
Is 112958842 a multiple of 3219?
False
Is 31 a factor of 71439855?
False
Is 336 a factor of 25568577?
False
Is 333 a factor of 1151400447?
True
Is 1261429587 a multiple of 3069?
True
Is 1726 a factor of 965293116?
True
Is 70443750 a multiple of 30?
True
Is 1236 a factor of 2975052?
True
Does 4967 divide 181131589?
True
Does 190 divide 89383790?
True
Is 300579375 a multiple of 375?
True
Is 4 a factor of 37863823?
False
Does 436 divide 983198312?
True
Does 3 divide 46674801?
True
Is 31 a factor of 1069721154?
True
Is 509014219 a multiple of 4598